 t**3 - t**2 + 43*t. Let f = 14 - 9. List the prime factors of n(f).
2, 3
Let g = 10 + 41. What are the prime factors of g?
3, 17
Suppose -4*y = -2*y - 4. Suppose y*f - 3*p = 82, 36 = -f + 2*f + p. What are the prime factors of f?
2, 19
Suppose -d + 21 + 105 = 0. Suppose -3*b = -m - 20 - 16, 4*m = 3*b - d. What are the prime factors of (-118)/(-10) + (-6)/m?
2, 3
Let m(b) = -b**3 - 5*b**2 + 7*b + 9. Let h be m(-6). Suppose h*v - 44 = v. List the prime factors of v.
2, 11
Suppose 4*a - 5*t = 193, -a = -2*t - 45 - 7. What are the prime factors of a?
2, 3, 7
Let j(i) = -i**2 - 11*i - 6. Let b be j(-7). Suppose 4*n = -3*u + b, -4*u + 3 = 3*n - 24. Suppose -2*d + 28 = u. What are the prime factors of d?
11
Let g(j) = j**3 - j. Let l be g(2). Let t(s) = -7*s - 10. Let r(q) = 13*q + 19. Let k(d) = 6*r(d) + 11*t(d). List the prime factors of k(l).
2, 5
Suppose -2*t = -h - 29, 2*t = -3*h + 60 - 11. Suppose 43 = 5*b - t. List the prime factors of b.
2, 3
Let b = 2 - 3. Let z be (0 - b) + (-6)/(-3). What are the prime factors of (-2)/3 - (-14)/z?
2
Let c(k) = -2*k + 9. Let b(h) = h - 4. Let i(v) = 7*b(v) + 3*c(v). Suppose 0 = 3*r - 5*r + 18. What are the prime factors of i(r)?
2
Let k(q) = 17 - 4*q**2 + 9*q - 6 + 5*q**2. What are the prime factors of k(-9)?
11
Let p = -37 - -55. What are the prime factors of p?
2, 3
Let g(x) = 2*x**3 - 9*x**2 - 4*x + 9. List the prime factors of g(6).
3, 31
Let z(x) = -15*x - 3. Let l(v) = -8*v - 1. Let s(y) = -5*l(y) + 3*z(y). List the prime factors of s(-5).
3, 7
Suppose -2*t = 4, t + 363 = 4*m - 11. What are the prime factors of m?
3, 31
Let p(b) be the second derivative of -b**5/20 + 7*b**4/12 - b**3 + 2*b**2 + b. List the prime factors of p(6).
2
Suppose 3*b = a + 246, -3*b + a = 4*a - 234. List the prime factors of b.
3
Let a be 56/10 - 9/15. Suppose a*f + 7 = 87. List the prime factors of f.
2
Suppose 30 = -4*k + 306. What are the prime factors of k?
3, 23
Let l = -2 + 8. Let x(u) = 6*u - 12. What are the prime factors of x(l)?
2, 3
Suppose 2*i + 18 = 5*d, -7 = 4*i - 4*d + 17. Let a = 6 + i. Let z = 7 - a. What are the prime factors of z?
5
Let i(n) = -14*n + 10. List the prime factors of i(-5).
2, 5
Let n be (0 + 5)*(-4)/(-4). Suppose -14 - 141 = -5*t. Suppose -t = -2*p - 3*x, n*x - 24 - 33 = -4*p. List the prime factors of p.
2
Let k(j) = j**3 + 4*j**2 - 4*j + 3. Let t be k(-5). Let l(r) = r**3 + 4*r**2 - 2. List the prime factors of l(t).
2, 3
Let b(y) = 13*y**3 + 2*y - 1. Let z be 4*((-3)/4 + 1). List the prime factors of b(z).
2, 7
Suppose 0 = -4*p + 238 + 166. What are the prime factors of p?
101
Suppose -11 = m + 3*n, -2*m + 3 = -0*m + n. Let k = -2 - -8. Suppose -m*q + 3*q = -k. What are the prime factors of q?
2, 3
Suppose 15 = 4*l - 49. List the prime factors of l.
2
Let h(g) = -g**3 - 10*g**2 - 12*g - 9. What are the prime factors of h(-10)?
3, 37
Suppose -2*v - 12 = -2*d, -d + 2*v - 8 = -4*d. Suppose -5*u - d*k + 96 = 0, -3*u - 3*k - 16 + 76 = 0. List the prime factors of u.
2
Let w be ((-6)/15)/(2/20). Let n = w - -8. Suppose -n*c - 1 = -17. What are the prime factors of c?
2
Let p(u) = -u**2 + 13*u - 18. Let g be p(12). Let q = g - -14. List the prime factors of q.
2
Let n be (-6)/(-4)*(1 - -1). Suppose -3*z - 5*x = -27, 5*x - 1 = n*z + 2. Suppose -4 + 28 = z*p. What are the prime factors of p?
2, 3
Let x(r) = 9*r - 19. List the prime factors of x(10).
71
Let p(k) = -k**2 + 4*k - 3. Let h be p(3). Suppose h*c + 4*c = 16. Let n = c + 1. List the prime factors of n.
5
Let n(a) = -a**2 + 8*a - 3. Let x(v) = -v + 13. Let w be x(8). What are the prime factors of n(w)?
2, 3
Let u = 0 + 8. Suppose -3 - u = -2*k - r, -2*k + 31 = 5*r. Suppose b + 32 = k*b. What are the prime factors of b?
2
Let b(a) = a + 5. Let r(u) = 4*u + 20. Let z(k) = -18*b(k) + 4*r(k). What are the prime factors of z(-11)?
2, 3
Suppose 2*d + 4*d - 222 = 0. What are the prime factors of d?
37
Suppose 0*f - 3*y + 127 = 5*f, -4*f + 3*y = -80. What are the prime factors of f?
23
Let r(i) = -6*i + 7. Let n be r(5). Let x = n - -41. What are the prime factors of x?
2, 3
Suppose 2*b - 16 = -2*b. Suppose -2*o = 3*d - 134, -b*o = -d - 0*o + 68. What are the prime factors of d?
2, 3
Let h(a) = a**2 + 5*a - 9. Let v be h(-7). Suppose 4*k = -v*z + 140, 0 = -4*z + 2*k + 10 + 76. List the prime factors of ((-9)/1)/(z/(-32)).
2, 3
Suppose 6 = 3*b - b. Let y be (-5)/((-5)/b)*1. What are the prime factors of 24/(y + -2) - 3?
3, 7
Let x(z) = 4*z - 10. Suppose -d = -2*d + 1, 2*l + 3*d - 19 = 0. List the prime factors of x(l).
2, 11
Suppose -4*f + 2*v = 4 + 194, 3*v - 9 = 0. List the prime factors of (-150)/(-8) - 12/f.
19
Let i(o) = 4*o + 1. Let x(y) = -4*y - 1. Let f(c) = -5*i(c) - 4*x(c). Suppose -3*r = -5*m + 19, 4*r + r = -5*m - 5. What are the prime factors of f(r)?
11
Let t = 118 - 56. Let k = -32 + t. List the prime factors of k.
2, 3, 5
Let j be (-4)/(-10) - 1903/(-55). Suppose j = r + 4. What are the prime factors of r?
31
Suppose 0 = -2*u + 7*u + 10. What are the prime factors of 0 + u - 11/(-1)?
3
Suppose -3*t = -11 - 1. What are the prime factors of t*3/6 - -23?
5
Let q be (-1 - -4)/(-3) + 3. Suppose -5*v = -q*v. Suppose -5*l = -c + 17, 4*c - 4*l = -v*c + 36. What are the prime factors of c?
7
Let u = 5 + -4. What are the prime factors of 12/(-14)*(-15 + u)?
2, 3
Let p = 2 + 1. Suppose r + 20 = -p*r. List the prime factors of (15/6)/r*-16.
2
Let s = 7 - -2. Let q = 17 - s. What are the prime factors of q?
2
Suppose 0*y + 30 = -3*y. Let m be -5*((-34)/y + -1). What are the prime factors of (m/30)/((-1)/25)?
2, 5
List the prime factors of (12*-1)/(57/(-988)).
2, 13
Let g = 47 + 5. What are the prime factors of g?
2, 13
List the prime factors of 2/6 + (-437)/(-3) + 3.
149
Suppose -3*b = -10 - 2. Suppose -b*f = f. Suppose f = l + 6 - 3, l = -2*a + 25. List the prime factors of a.
2, 7
Suppose 5*d - 3*f = f + 295, -5*f = 3*d - 214. What are the prime factors of d?
3, 7
Let p(s) = s**3 + 15*s**2 + 12*s - 16. Let j be (-3)/((6/28)/1). What are the prime factors of p(j)?
2, 3
Let f = 127 + -74. What are the prime factors of f?
53
Let m(r) be the first derivative of -r**2 - 5*r + 2. Let k be m(4). Let h = k + 21. What are the prime factors of h?
2
Let k = 5 + -1. Suppose -k*l = 24 + 184. List the prime factors of (-10)/(-35) + l/(-14).
2
Suppose 2*z = 16*z - 756. List the prime factors of z.
2, 3
Let k(q) = -q**2 - q + 4. Let r be k(0). What are the prime factors of r*6/(-8)*-3?
3
Let o(q) = q**2. Let t(s) = -14*s**2 + s. Let c(n) = -3*o(n) - t(n). Let v = 2 - 1. What are the prime factors of c(v)?
2, 5
Let h(k) = 5*k - 6. Let m be h(5). Suppose 1 = -b + m. What are the prime factors of b?
2, 3
Suppose -k + 22 = 5*o - 3*k, o - k = 2. Suppose 2*d + 12 = o*d. List the prime factors of 3/(-9) - (-16)/d.
5
Let a = 0 + 3. What are the prime factors of a?
3
Let m(d) = 9*d**3 - 2*d**2 - 2*d + 3. Let n be m(2). Let j = -36 + n. List the prime factors of j.
3
Suppose -104 = -2*u + 20. List the prime factors of u.
2, 31
Let v = 146 - -45. List the prime factors of v.
191
List the prime factors of 15/(-6)*((-78)/3 + 2).
2, 3, 5
Let m(w) = -2*w**3 - 1. Let c = 7 + -9. What are the prime factors of m(c)?
3, 5
Let g = -11 + -5. Let t = -62 - -89. Let l = g + t. What are the prime factors of l?
11
Let n(y) = y**2 + 1. Let o(p) = 11*p. Let h(t) = -n(t) + o(t). List the prime factors of h(6).
29
Let f(x) = x**3 - 7*x**2 + 3. Suppose 4*h - h = 21. Let q be f(h). Suppose 2*n - q*k = -0*n + 39, n = k + 17. What are the prime factors of n?
2, 3
Let w(c) = -c + 11. Let r be w(9). Suppose x + 22 = 5*t, -t + 6 = -r*t - 5*x. List the prime factors of t.
2
Suppose 6 + 3 = 3*b. Suppose b*p + 0*p = 5*l - 80, 77 = 3*l + 4*p. List the prime factors of l.
19
Let k(b) = -b**3 + 6*b**2 + 6*b + 10. Let q be k(7). Suppose -n + 2*i = -q*i + 18, 4*n + 4*i - 24 = 0. List the prime factors of n.
2
Let n(x) = -x**3 + 5*x**2 - 5*x + 5. Let w be n(4). Let v = w - -3. Suppose -o - 2*g = -v, -4*o + g = -62 + 10. List the prime factors of o.
2, 3
Suppose 3*z - 5*y - 249 = 0, 4*z - 309 = -0*y - y. List the prime factors of z.
2, 3, 13
Let o(a) = -9*a**3. Let i be o(-1). Suppose k = -5 - 0. Let y = i + k. List the prime factors of y.
2
Let y = -106 + 129. Suppose -l - 13 = 4*i, 2 = 2*i + 4*l +